 + 4. Calculate n(3).
7
Let q = -22 + 26. Suppose -3*t - f = -0 - 13, 20 = -q*f. Let w(g) = g**3 - 5*g**2 - 7*g + 7. What is w(t)?
1
Let r(u) = u**2 + 3*u. Let q be r(-4). Let w be 2/q + 21/14. Let d(n) = -1 + n**2 + 5*n**2 + 0 - 11*n**w. What is d(-1)?
-6
Let r(h) = 20*h + 2. Suppose 0 = -4*p - s, -5*p + 3*s - 12 = 5. Give r(p).
-18
Let m(z) = -3*z - 1. Suppose j - 2*j = -30. Let l be (-12)/(-30)*(-2)/4*-10. Suppose 5*u - l*q = j, 0*u - 2*u + 3 = q. Calculate m(u).
-13
Suppose -16 = -3*t - 2*t + x, t = x. Let b = 1 + t. Let j(n) be the first derivative of -n**3/3 + 2*n**2 + 6*n - 1. Give j(b).
1
Let b(n) = 6*n + 10. Let t(a) = -2*a - 3. Let d(r) = 3*b(r) + 8*t(r). Suppose 68 = 15*g - 11*g. Let h = 13 - g. Calculate d(h).
-2
Let l be (-28)/(-9) + (-12 - (-856)/72). Let g(m) = -m**2 + 4*m - 8. Give g(l).
-5
Let i(d) = 1054*d**3 - 2 + 6*d**2 - 1053*d**3 - 2*d + d. Suppose 25 = 2*n - 21. Suppose -l - 21 = -3*p, p - n = -0*l + 3*l. Determine i(l).
4
Let p(u) = -u**2 + 0 - 2 + 5*u - 2 + 1. Let t(s) = 3*s**2 - 14*s + 8. Let q(y) = 11*p(y) + 4*t(y). Suppose 0*r + r - 3 = 0. Calculate q(r).
5
Let r be (0 - (-14)/(-3))/(70/105). Let y(k) = -5*k + 0*k**2 + 5 - k**3 - k - 5*k**2 - 3*k**2. Determine y(r).
-2
Let w(q) = -308*q + 7 + 296*q - q**2 - 18. Calculate w(-10).
9
Let t be (-2 - -1 - -1) + (5 - 1). Let v(h) = -3*h + 10. Let m(i) = -i + 1. Let b = 6 + -8. Let f(w) = b*m(w) + v(w). Calculate f(t).
4
Let k(q) = -57*q - 3 + 21*q + 14*q + 21*q. Let m(l) = 2*l + 7. Let x(g) = -5*k(g) - 2*m(g). Calculate x(-5).
-4
Let t(i) = i**3 + i**2 + i + 1. Let r(x) = -2*x**2 + 7*x - 6. Let v(w) = r(w) - t(w). Suppose -10 = -3*d + 5*j, 5*d + 5*j - 6 = -56. What is v(d)?
13
Let j(n) = -n**2 + 7*n - 3. Suppose -c + 10 = -6*c. Let t be (7 + -15)/(c + 3). Let b = -2 - t. Calculate j(b).
3
Let g(o) = o**3 + 2*o**2 + o + 1. Let m(t) = -5*t**3 - 7*t**2 - 4*t - 2. Let u(w) = 9*g(w) + 2*m(w). Determine u(5).
-15
Let q(v) = 6*v - 8 + 6 - v - 2*v. Let c(h) = -h + 1. Let w(z) = 5*c(z) + q(z). Let p be 8/28 + 33/7. Give w(p).
-7
Let s(u) be the second derivative of -20*u + 0 - 1/2*u**2 + 7/3*u**3. Let j(g) = -g**2 - 3*g + 5. Let q be j(-4). What is s(q)?
13
Let z(s) = 2 - 3*s**3 + 5*s**3 - 6 + 3 + 5*s - 8*s**2. Let a be z(3). Let m(h) = h**2 + 5*h + 2. Determine m(a).
-2
Let t = -2 + -3. Let u be 1 - ((-3)/3 - -4). Let o(h) = 3*h - 16. Let k(x) = x - 5. Let p(y) = u*o(y) + 7*k(y). What is p(t)?
-8
Let q(l) = l**2 - l - 5. Let g = -199 + 199. Calculate q(g).
-5
Suppose 5*u = -5*t + 16 + 9, -3*t = -15. Let o(a) = u*a - 1 - 8*a + 10*a. What is o(-4)?
-9
Let n be ((-10)/15)/(4/(-30)). Suppose -n + 1 = -2*y. Let d(p) = -2 + 0 + 2*p - 6*p**2 + 0 + 5*p**y. What is d(2)?
-2
Let r(u) = -29*u + u**3 + 17*u + 3*u + 16*u**2 + 22*u - 27. Give r(-15).
3
Let d be ((-16)/12)/((-2)/9). Let v(n) = 3*n + 3*n + n**3 + 5 + n - d*n**2 - 2*n. Suppose -5*i - i + 30 = 0. Calculate v(i).
5
Let w be (4 - 7)*(-4)/6. Let j(q) = q**2 - 3 + 1 - w. Let h(i) = -2*i**2 + 7. Let o(c) = -3*h(c) - 5*j(c). What is o(-2)?
3
Let h(o) = -13 + 34 - 4 + 5*o - 11. Determine h(5).
31
Let y be (15/45)/(1/(-15)). Let s(v) = -v + 1. Let p(a) = -14*a + 6. Let o(d) = y*s(d) + p(d). What is o(1)?
-8
Let m(h) = -h + h**3 - 11*h**2 - 84 + 11*h**2 + 82. Determine m(0).
-2
Let h(q) = q**2 + 5*q + 6. Suppose -21 - 63 = 21*x. Give h(x).
2
Suppose 6 = 2*m - x, 0 = 2*m - 3*m + x + 3. Let t(v) be the third derivative of v**4/24 + v**3/3 + 40*v**2 - 2*v. What is t(m)?
5
Let o(c) be the second derivative of c**3/2 - 2*c**2 + 481*c. Determine o(-4).
-16
Suppose 2*n + 4 = 56. Let c be (-4)/n + 0 + 162/39. Let s(j) = -j**2 + 8*j - 1. Determine s(c).
15
Let f = -1 + -1. Let c = f - -4. Let b(n) = n + 2 - 3*n - n - 1. Determine b(c).
-5
Let l(s) = -s**2 + s - 1. Let o(m) = 7*m**2 - 6*m + 3. Let u(y) = 3*l(y) + o(y). Suppose -6 = 4*k - 14. Determine u(k).
10
Let v(w) be the third derivative of 0 - 7/24*w**4 + 11*w**2 + 1/60*w**5 + 0*w - 1/6*w**3. What is v(6)?
-7
Let d(y) be the second derivative of y**4/4 - y**3/6 - y**2 + 2*y + 4. Calculate d(-2).
12
Suppose 4*h - 1 + 1 = 0. Suppose -4*c - 13 + 25 = h. Let v(d) = 7*d**2 - 8*d + 11. Let m(w) = 10*w**2 - 12*w + 16. Let r(q) = -5*m(q) + 7*v(q). Give r(c).
0
Let h = -92 + 98. Let t(n) = 13 + h - 7*n - n**3 + 7*n**2 - 17. Suppose -3*r = 0, -2*y + 2*r - 30 = -7*y. Determine t(y).
-4
Let x(w) = w**2 - w - 6. Let c be x(0). Let a(s) = -43*s**3 - 4*s - 120*s**2 + 115*s**2 + 42*s**3 + 8*s. Give a(c).
12
Suppose 5*c + 3*n + 67 = 0, -c + n - 17 + 2 = 0. Let j = -5 - c. Let y = j + -10. Let x(b) = 12*b + 1. Calculate x(y).
-11
Let d(o) = -7*o**3 - 37*o**2 + 34*o - 51. Let m(a) = 4*a**3 + 19*a**2 - 17*a + 26. Let h(z) = -3*d(z) - 5*m(z). What is h(-17)?
23
Let j be -16 + (4 - -2) + -3. Let y(d) = 2*d + 29. Determine y(j).
3
Let k(g) be the second derivative of -g**4/12 + 3*g**3/2 - 13*g**2/2 + 11*g + 5. Calculate k(8).
-5
Let z(v) = 32*v - 11. Let w(l) = 21*l - 7. Let b(g) = 8*w(g) - 5*z(g). Give b(-2).
-17
Let i(s) be the third derivative of -s**4/12 + 2*s**3/3 + 9*s**2 + 24*s. Suppose -5*f + 17 + 13 = 0. Calculate i(f).
-8
Let j(m) = 6*m - 3. Suppose 3*k - 5*k - 8 = 0. Let h be 4 + -4*k/(-8). Give j(h).
9
Let g(n) be the second derivative of -n**3/3 - 6*n**2 + 80*n. Give g(5).
-22
Let x be (1 + 2/(-6))*9. Let r(c) = 84*c**2 - 91*c**2 + 6*c + 8 + 119*c**3 - 118*c**3. Give r(x).
8
Let w(c) = -2*c**2 - 22*c - 33. Let p be w(-9). Let r(l) = -6*l + 1. Give r(p).
-17
Let z(o) = 2*o + 1. Let n(s) = -s. Let j(h) = 2*h**2 - 3*h + 2. Let q be j(1). Let u be n(q). Calculate z(u).
-1
Let j(c) = c**2 + 14*c + 15. Suppose 260 - 50 = -21*n. Give j(n).
-25
Let l(r) = r**3 + 2*r**2 + 2*r. Let x(b) = 2*b**2 + b - 2. Let d(t) = l(t) - x(t). What is d(-1)?
0
Let j(b) = -b**2 - 8*b + 8. Suppose 0 = 5*c - 4*k + 83 - 34, 4*c - 3*k = -39. What is j(c)?
-1
Suppose 0 = -5*r + 3*f - 15, 3*r + 27 = r - 3*f. Let s be 4 + 0 + -6*(-5)/30. Let p(c) = -3 - s - c + 6 - 2. What is p(r)?
2
Let f(s) = -125*s - 25. Let z(p) = 69*p + 13. Let u(a) = -6*f(a) - 11*z(a). What is u(6)?
-47
Let z = 22 + -20. Suppose -g = -3*m, 4*g + 3*m = 4 + 11. Let q(x) = -1 + z*x - x - g*x + x. Calculate q(-4).
3
Let d(i) = i. Let c = 24 + -24. Suppose -y - 5 = -4*z + 2*y, c = -3*z - y + 20. Determine d(z).
5
Let z(g) be the third derivative of -1/24*g**4 + 0 + 5*g**2 + 0*g - 5/6*g**3. Let k(o) = o**3 + 2. Let q be k(-2). Calculate z(q).
1
Let x(q) be the third derivative of q**6/120 - q**5/10 - 5*q**3/6 - 465*q**2. Suppose -2*i = -6*i + 16. Let m be i/18 - (-104)/18. What is x(m)?
-5
Let u(m) = m**3 - 11*m**2 - 13*m + 11. Let a be -4 + (-1044)/(-66) - (-10)/55. Calculate u(a).
-1
Let h(i) = -i**2 - 22*i - 44. Let k be h(-20). Let q be (0 - -3) + (-1 - 1). Let p be q + (-3 - -2)*k. Let j(u) = -u. What is j(p)?
-5
Let q(z) = z + 3. Let i(o) = -o**2 - 10*o + 36. Let r be i(-13). Let h be r/(-2 + 5/2). Determine q(h).
-3
Let r be (-4)/((-20)/(-25)) - -4. Let z be (r/3*1)/(1/(-15)). Let q(y) = -y + 7. Calculate q(z).
2
Let q(c) be the first derivative of -c**4/4 - 11*c**3/3 - 5*c**2 + 2*c - 11. Determine q(-10).
2
Let c(g) = g**2 + 11*g + 19. Let u be c(-9). Let m(h) = h**3 + h**2 - 1. Let o(p) = 4*p**3 + 10*p**2 - 9*p - 5. Let n(t) = u*o(t) - 3*m(t). Determine n(-8).
6
Let l = 42 + -46. Let r be (-7 - l) + 6 + 4. Let k(p) = -p**3 + 6*p**2 + 8*p + 3. Give k(r).
10
Suppose -5*s + 12 + 18 = 0. Let b be 17/3 - 4/s. Let m(n) = -21*n - 5*n**2 - 1 + n**3 + 34*n - 14*n - 2. Calculate m(b).
-8
Let x(c) = -c**2 - c + 3. Suppose -3*i - w + 18 = -4*w, 27 = 4*i - 5*w. Calculate x(i).
-9
Suppose 2*v + 18*v = -100. Let s(n) = -n**2 - 6*n + 1. Give s(v).
6
Let h(p) = 5*p**3 + 4*p**2 + 9*p - 22. Let g(y) = 3*y**3 + 3*y**2 + 6*y - 14. Let c(n) = -8*g(n) + 5*h(n). Give c(5).
12
Let g(b) = b - 1 + 4 + 5*b. Suppose -24*j = -19*j - 25. Suppose -j*n - 4*o - 22 = 0, -10 = 2*n - 3*o + 5*o. Calculate g(n).
-9
Let o(d) = -165*d + 82*d + 6 + 84*d. Determine o(-11).
-5
Let g = 1 + -18. Let b = 12 + g. Let z be 5/2*(-8)/b. Let v(q) = -q**2 + 5*q - 3. What is v(z)?
1
Let v(f) = -f**2 + 11*f + 6. Let w(c) = -c + 41. Let i be 15/(-6)*(-10 + -2). Let o be w(i). Calculate v(o).
6
Let u(c) = c**3 + c**2 - c - 5. Suppose -4 - 20 = -2*j. Let m(y) = -4*y - 9*y + j*y - 7. Let q be m(-7). Determine u(q)